se -w - 59 = -2*w. Calculate the remainder when w is divided by c.
19
Suppose -s - 22 = -2*s. Calculate the remainder when 69 is divided by (3 - 1) + -6 + s.
15
Let v(t) = -t - 1. Let p(w) = -w**3 - 7*w**2 + 2*w + 4. Let m(i) = -p(i) - 3*v(i). Suppose -9 - 1 = 2*r. Calculate the remainder when m(r) is divided by 12.
8
Let n = -11 + -19. Let i = -17 - n. What is the remainder when 23 is divided by i?
10
Suppose -105 = -a - 2*a. Let x = 44 - 26. Suppose 14*w = 12*w + x. Calculate the remainder when a is divided by w.
8
Suppose 0 = -31*r + 32*r - 7. Calculate the remainder when ((-5)/(-5))/((-2)/(-52)) is divided by r.
5
Let r be -3 - 6*4*1. Let o = r + 24. What is the remainder when 435/9 + 1/o is divided by 17?
14
Let v = -489 - -577. What is the remainder when 517 is divided by v?
77
Let y = 10 + -3. Suppose 2*t - y*t = -35. Calculate the remainder when (4 - -2)/((-2)/(-9)) is divided by t.
6
Suppose -21 = -y - 6*y. Suppose -3*f + 3*k + 30 = 0, 0 = y*f - 6*f - 4*k + 65. Calculate the remainder when 56 is divided by f.
11
Let x be ((-3)/(-5))/(-3) - 1192/(-10). Let q = x - 30. What is the remainder when q is divided by 18?
17
Let a(i) = -181*i - 1230. What is the remainder when 169 is divided by a(-7)?
21
Suppose 3*k - 290 = -3*b - 59, 3*k = b - 77. Calculate the remainder when b is divided by 9.
5
Let l = -13 - -152. Let d = 487 - l. Suppose 0 = -13*k + 9*k + d. What is the remainder when k is divided by 22?
21
Suppose -2*a + 1808 = f, -9*a + 4*a + f = -4534. Calculate the remainder when a is divided by 76.
70
Let r be 2/(-9) - (-55)/45. What is the remainder when (-249)/(-6) - 1/(-2) is divided by (r + 0)/((-7)/(-105))?
12
Let u = 402 - 395. What is the remainder when 11 is divided by u?
4
Suppose 0 = -3*j + 12, -4*m = -2*j + 2 - 6. Let h = 29 + -45. Let u = 30 + h. Calculate the remainder when u is divided by m.
2
Suppose 164 = 3*n - u, -7*n - 2*u + 120 = -5*n. Calculate the remainder when n is divided by 32.
24
Suppose 892*z = 904*z - 1356. What is the remainder when z is divided by 42?
29
Let o(w) = -w**3 - 4*w**2 - 2*w + 6. Let d be o(-3). Suppose -2*a - 5*p = -65, -d*p - 40 = -a + 2*p. What is the remainder when 102 is divided by a?
32
Suppose q + 2*a = 12 - 1, 4*q = 3*a + 88. Let z = 282 + -127. Let s = -150 + z. What is the remainder when q is divided by s?
4
Suppose -4*h + 105 = -4*a - 91, -5*a - 153 = -3*h. Suppose -c + 8 + h = 0. What is the remainder when c is divided by 11?
10
Let f = 632 + -607. Calculate the remainder when 127 is divided by f.
2
Let p(x) = 36*x. Let s be p(4). Let i = -91 + s. Suppose 52*a - 50*a - 38 = 0. Calculate the remainder when i is divided by a.
15
Let a(y) = -29*y**3 - y**2 - y - 1. Let q be a(-1). Let n = 51 + q. What is the remainder when n is divided by 27?
25
Suppose -273 = -4*u + l, u + 114*l - 66 = 112*l. What is the remainder when 171 is divided by u?
35
Suppose 9 = o + 5*y + 1, 2*o + 2*y - 16 = 0. Let u(m) = -10*m**2 + 4*m + m**3 - 4*m + 1 - 3*m - 6*m. What is the remainder when u(11) is divided by o?
7
Let o = 9 + 5. Suppose 146 = 12*y - 478. Calculate the remainder when y is divided by o.
10
Let q = -388 + 430. What is the remainder when 117 is divided by q?
33
Let m(g) = 3*g**3 + g**2 + 2*g + 1. Let b be (2/(-4))/((-1)/146). Suppose 5*o - b = -13. What is the remainder when m(2) is divided by o?
9
Suppose -2*x - 2*u - 137 = -5*x, 3*x - 113 = -4*u. What is the remainder when 197 is divided by x?
25
Let u = 6 + -8. Suppose -3*j = 2*z - 3, 3*j + 0*z - 3*z = 18. What is the remainder when 8 + (1 - 2 - u) is divided by j?
0
Suppose w - 3*w + 174 = 0. Let s = -69 - -79. Let u(r) = 6*r - 30. What is the remainder when w is divided by u(s)?
27
Let l(u) = -2*u + 25 - 2*u + 0*u + 2*u. What is the remainder when 185 is divided by l(-11)?
44
Suppose 3*o - 13 = -4*h - 3, -4 = -2*h - 2*o. Suppose -15 = -h*k + 53. What is the remainder when 32 is divided by k?
15
Suppose -15 = -l - 17. Calculate the remainder when 3 + l + (-3 - -27*2) is divided by 9.
7
Let f(j) = 185*j - 161. What is the remainder when 62 is divided by f(1)?
14
Suppose -t - 41*d = -44*d - 360, -2*t + d = -715. What is the remainder when t is divided by 26?
19
Let p(o) = o**3 - o**2 - o + 61. Let s be p(0). Suppose 2*v = v + s. What is the remainder when v is divided by 16?
13
Suppose -3*z - 2*i = -26, 20*z + i = 17*z + 28. Calculate the remainder when 1067 is divided by z.
7
Let x(t) = t**3 - 15*t**2 - 5. Let q be x(15). Let b be (-83)/3 + 2/(-6). Let d = q - b. Calculate the remainder when 66 is divided by d.
20
Let k = -981 + 1178. Suppose -2*m + 67 = -33. Calculate the remainder when k is divided by m.
47
Suppose -26 = 4*o - 374. Let f = o + -85. Calculate the remainder when f is divided by 2.
0
Calculate the remainder when (-2308)/(-18) - (-2)/(-9) is divided by 22.
18
Suppose -6*r = 24 - 60. Suppose 9*w - r*w = 126. Calculate the remainder when w is divided by 9.
6
Suppose -t + 4*j = 18, -4*t - 2*j + 4 = -14. Suppose 2*r - 8 = -t*c + 8, 4*c = -r + 2. What is the remainder when 37 is divided by r?
7
Let p(z) = -2 + 13 + 0*z + 8*z + z**2. Let y(o) = 6*o - 43. Let v be y(6). Calculate the remainder when 9 is divided by p(v).
1
Calculate the remainder when 3*(32/(-176) - (-4720)/66) is divided by 5.
4
Let w = 121 + 4. Calculate the remainder when w is divided by (-6)/(-3) - 60/(2 + -4).
29
Suppose 56 + 36 = 4*g. What is the remainder when g is divided by 2 + (-3)/1 + 13?
11
Let v be (-4)/(-12) + (-11)/(-3). Calculate the remainder when 28 is divided by 5/1 - (v + -4).
3
Let i be -3 + (-26)/(-1) - -1. Let q be (-4 - i) + -4 - 2. Let s = q - -54. What is the remainder when 38 is divided by s?
18
Let f(d) = 160*d + 110. Calculate the remainder when f(2) is divided by 27.
25
Suppose 2*q - 4 = 10. Let a(t) = -t - 9. Calculate the remainder when q is divided by a(-14).
2
Suppose 5*h - 21 = -3*k + 42, 2*h - 86 = -5*k. Let w = k + -6. Calculate the remainder when 57 is divided by w.
7
Let o(b) = b**2 + 21*b + 36. Calculate the remainder when o(-20) is divided by (-4 - (-12 + 1)) + 2.
7
Suppose -6*g + g + 405 = 0. Let k(r) = 3*r**2 + 1 + r**2 + 17*r + 11*r**2 - r**3. Calculate the remainder when g is divided by k(16).
13
Suppose -3*s = 3*a - 6, -3*s + 1 = -5. Suppose h = 3*r - 35, a*h + 8 = r - 4*h. What is the remainder when 35 is divided by r?
11
Let n = 42 + 25. Let y(r) = -r**3 - 5*r**2 + r - 13. Calculate the remainder when n is divided by y(-6).
16
Let a(y) = 32*y**3 + y - 2. Let p(b) = 2*b - 3. Let h be p(0). Let j be (-10)/(-5) + 2 + h. What is the remainder when a(j) is divided by 17?
14
Let m(x) = x**3 + 23*x**2 - 39*x - 344. Suppose 2*h - 1 = 3*h. What is the remainder when 29 - ((-2)/h)/(-2) is divided by m(-24)?
14
Let p = -3 + 11. Let k = -8 + p. Let n = 3 + k. What is the remainder when 4 is divided by n?
1
Let i = -10 - -12. Suppose -i*h = -h - 3. Suppose h*p + 2*p - 485 = 0. What is the remainder when p is divided by 25?
22
Let a be ((-15)/(-12))/((-2)/(-8)). Let k = a + 8. Suppose 3*j - 80 + 17 = 0. What is the remainder when j is divided by k?
8
Suppose 68*q - 1409 = 223. What is the remainder when 167 is divided by q?
23
Suppose -p - 83 = -4*v + 207, 362 = 5*v - p. Suppose 4*y = 4*n + v, -4*n = 4*y - n - 37. What is the remainder when 37 is divided by y?
11
Suppose 2*z + 3*t = 0, 4*z = t - 6*t + 4. Let q be 54/10 - (-4)/(-10). Suppose 4*n - 88 = 4*g, 15 + 15 = n - q*g. What is the remainder when n is divided by z?
2
Let h be 216/(-10) + 10/(-25). Let d = h - 21. Let c = d - -71. Calculate the remainder when c is divided by 15.
13
Let n be (-6 + 3 + 1)*-1. Suppose 0*q + n*q - 197 = -3*r, 5*r = -3*q + 293. Calculate the remainder when q is divided by 12.
10
Let i = -18 - -39. Let w = 0 + 8. Suppose 0 = -2*o + o + w. Calculate the remainder when i is divided by o.
5
Let v = -8 - -14. Let r(o) = 3*o - 11. Let p be r(v). Suppose 2*x = 3*x - p. Calculate the remainder when x is divided by 4.
3
Suppose h + 269 = 311. Let m = 202 - 36. What is the remainder when m is divided by h?
40
Let h = 18 + -32. Let f = -40 + 64. Let l = h + f. Calculate the remainder when 38 is divided by l.
8
Let k be 2 + -3 - -496 - (10 + -7). Suppose -20*v = -14*v - k. What is the remainder when v is divided by 12?
10
Suppose 4*x = f - 20, 2*f + 2*x + 9 